{"id":6615143,"date":"2024-10-03T08:44:32","date_gmt":"2024-10-03T08:44:32","guid":{"rendered":"https:\/\/new.oceanhome.es\/inmueble\/venta\/piso\/malaga\/benalmadena\/oh01005\/"},"modified":"2024-10-03T08:44:32","modified_gmt":"2024-10-03T08:44:32","slug":"wohnungen-benalmadena-oh01005","status":"publish","type":"property","link":"https:\/\/oceanhome.es\/de\/property\/wohnungen-benalmadena-oh01005\/","title":{"rendered":"Wohnungen \u00b7 Benalm\u00e1dena \u00b7 oh01005"},"content":{"rendered":"<p>NEU GEBAUTE WOHNANLAGE MIT MEERBLICK IN BENALMADENA<\/p>\n<p>Neue Wohnanlage mit Wohnungen und Penth\u00e4usern in Benalmadena.<br \/>Sch\u00f6ne Wohnungen mit 3 und 4 Schlafzimmern, offene voll ausgestattete K\u00fcche und Wohnbereich, gro\u00dfe Terrassen mit Meerblick.<\/p>\n<p>Die K\u00fcche wird voll m\u00f6bliert geliefert, mit Edelstahlsp\u00fcle, Induktionskochfeld, Dunstabzugshaube, Elektroofen, Waschmaschine, K\u00fchlschrank und Geschirrsp\u00fcler.<\/p>\n<p>1 Parkplatz und 1 Abstellraum sind im Preis inbegriffen.<\/p>\n<p>Gemeinsame Gartenanlagen und Schwimmbad. <\/p>\n<p>Au\u00dfergew\u00f6hnliche Lage, direkter Zugang zu den Stra\u00dfen, die mit der Hauptstadt und ihrem Bahnhof, Flughafen und anderen Dienstleistungen verbinden.<\/p>\n<p>Es werden Aufz\u00fcge mit automatischen Doppelt\u00fcren installiert, die den Zugang zu jeder Etage des Geb\u00e4udes, einschlie\u00dflich des Kellers, erm\u00f6glichen.<\/p>\n<p>Die Stadt Benalm\u00e1dena erstreckt sich \u00fcber eine Fl\u00e4che von fast 30 Kilometern und reicht von der Sierra de Mijas bis hinunter zur Mittelmeerk\u00fcste.<\/p>\n<p>Zwischen den St\u00e4dten Torremolinos und Fuengirola gelegen, ist Benalm\u00e1dena nur 19 Kilometer vom Flughafen M\u00e1laga entfernt und durch die \u00f6rtlichen Zug- und Busverbindungen mit allen wichtigen Badeorten der K\u00fcste verbunden.<\/p>\n<p>Benalm\u00e1dena ist mit seinen attraktiven Str\u00e4nden, G\u00e4rten, Freizeitparks und einem herrlichen Jachthafen einer der beliebtesten Urlaubsorte an der Costa del Sol.<\/p>\n<p>Die fast siebzigtausend Einwohner konzentrieren sich auf drei Hauptzentren: Benalm\u00e1dena Pueblo, Arroyo de la Miel und Benalm\u00e1dena Costa.<\/p>\n","protected":false},"excerpt":{"rendered":"<p>NEU GEBAUTE WOHNANLAGE MIT MEERBLICK IN BENALMADENA~~Neue Wohnanlage mit Wohnungen und Penth\u00e4usern in Benalmadena.~Sch\u00f6ne Wohnungen mit 3 und 4 Schlafzimmern, offene voll ausgestattete K\u00fcche und Wohnbereich, gro\u00dfe Terrassen mit Meerblick.~~Die K\u00fcche wird voll m\u00f6bliert geliefert, mit Edelstahlsp\u00fcle, Induktionskochfeld, <\/p>\n","protected":false},"author":2,"featured_media":6615144,"parent":0,"menu_order":0,"template":"","property_type":[491],"property_status":[211],"property_feature":[250,214,248,230,479,477,217,484],"property_label":[225],"property_country":[],"property_state":[366],"property_city":[413],"property_area":[415],"class_list":["post-6615143","property","type-property","status-publish","has-post-thumbnail","hentry","property_type-wohnungen","property_status-verkauf","property_feature-abstellraum","property_feature-aufzug","property_feature-garten","property_feature-parking-de","property_feature-pool","property_feature-sicherheitstur","property_feature-terrasse","property_feature-wohnanlage","property_label-neubau","property_state-malaga","property_city-benalmadena","property_area-santangelo-sur"],"aioseo_notices":[],"property_meta":{"fave_agent":["176"],"fave_agents":["176"],"fave_agent_display_option":["agent_info"],"property_agent":["176"],"custom_permalink":["inmueble\/venta\/piso\/malaga\/benalmadena\/oh01005\/"],"_thumbnail_id":["6615144"],"post_id":["Array"],"original_author":["2"],"_edit_lock":["1604137107:1"],"_edit_last":["1"],"fave_property_map_street_view":["show"],"fave_payment_status":["not_paid"],"fave_single_top_area":["global"],"fave_single_content_area":["global"],"houzez_manual_expire":["0"],"fave_property_size_prefix":["m&sup2;"],"fave_property_map":["1"],"fave_additional_features_enable":["disable"],"fave_floor_plans_enable":["disable"],"fave_multiunit_plans_enable":["disable"],"fave_prop_homeslider":["no"],"fave_featured":["0"],"fave_property_address":["Benalm\u00e1dena,M\u00e1laga"],"fave_property_zip":["29631"],"houzez_geolocation_lat":["36.613033867560986"],"houzez_geolocation_long":["-4.543310971572481"],"fave_property_location":["36.613033867560986,-4.543310971572481"],"fave_property_country":["ES"],"fave_property_map_address":["Benalm\u00e1dena,M\u00e1laga,Spain"],"fave_comunidadimporte":["0"],"fave_comunidadincluida":["0"],"fave_conservacion":["Obra Nueva"],"fave_orientacion":[""],"fave_carpinteriainterior":[""],"fave_carpinteriaexterior":[""],"fave_tiposuelo":[""],"fave_vistas":[""],"additional_features":["a:5:{i:0;a:2:{s:29:\"fave_additional_feature_title\";s:12:\"Carpinter\u00eda\";s:29:\"fave_additional_feature_value\";s:0:\"\";}i:1;a:2:{s:29:\"fave_additional_feature_title\";s:21:\"Carpinter\u00eda exterior\";s:29:\"fave_additional_feature_value\";s:0:\"\";}i:2;a:2:{s:29:\"fave_additional_feature_title\";s:6:\"Estado\";s:29:\"fave_additional_feature_value\";s:10:\"Obra Nueva\";}i:3;a:2:{s:29:\"fave_additional_feature_title\";s:6:\"Vistas\";s:29:\"fave_additional_feature_value\";s:0:\"\";}i:4;a:2:{s:29:\"fave_additional_feature_title\";s:11:\"Orientacion\";s:29:\"fave_additional_feature_value\";s:0:\"\";}}"],"referencia":["oh01005"],"fave_property_id":["oh01005"],"fave_property_bedrooms":["3"],"fave_property_bathrooms":["2"],"fave_property_garage":["1"],"fave_property_land":["0"],"ave_property_land_postfix":["m&sup2;"],"fave_property_size":["121"],"fave_property_year":["2024"],"fave_energy_global_index":["0 kWh\/m&sup2; \/0 Kg CO2\/m&sup2;"],"fave_energy_class":["N"],"estate_attr_energy_class":["Tramitando..."],"REAL_HOMES_property_emisiones":["0"],"REAL_HOMES_property_consumo":["0"],"REAL_HOMES_property_letra":["N"],"estate_video":[""],"fave_virtual_tour":[""],"vendidoInmueble":[""],"fave_property_price":["524000"],"fave_property_price_postfix":[""],"fave_property_images":["6615144","6615145","6615146","6615147","6615148","6615149","6615150","6615151","6615152","6615153","6615154","6615155"],"houzez_total_property_views":["7"],"houzez_views_by_date":["a:1:{s:10:\"05-01-2026\";i:7;}"],"houzez_recently_viewed":["2026-05-01 19:26:10"],"_elementor_page_assets":["a:0:{}"]},"_links":{"self":[{"href":"https:\/\/oceanhome.es\/de\/wp-json\/wp\/v2\/properties\/6615143","targetHints":{"allow":["GET"]}}],"collection":[{"href":"https:\/\/oceanhome.es\/de\/wp-json\/wp\/v2\/properties"}],"about":[{"href":"https:\/\/oceanhome.es\/de\/wp-json\/wp\/v2\/types\/property"}],"author":[{"embeddable":true,"href":"https:\/\/oceanhome.es\/de\/wp-json\/wp\/v2\/users\/2"}],"version-history":[{"count":0,"href":"https:\/\/oceanhome.es\/de\/wp-json\/wp\/v2\/properties\/6615143\/revisions"}],"wp:featuredmedia":[{"embeddable":true,"href":"https:\/\/oceanhome.es\/de\/wp-json\/wp\/v2\/media\/6615144"}],"wp:attachment":[{"href":"https:\/\/oceanhome.es\/de\/wp-json\/wp\/v2\/media?parent=6615143"}],"wp:term":[{"taxonomy":"property_type","embeddable":true,"href":"https:\/\/oceanhome.es\/de\/wp-json\/wp\/v2\/property_type?post=6615143"},{"taxonomy":"property_status","embeddable":true,"href":"https:\/\/oceanhome.es\/de\/wp-json\/wp\/v2\/property_status?post=6615143"},{"taxonomy":"property_feature","embeddable":true,"href":"https:\/\/oceanhome.es\/de\/wp-json\/wp\/v2\/property_feature?post=6615143"},{"taxonomy":"property_label","embeddable":true,"href":"https:\/\/oceanhome.es\/de\/wp-json\/wp\/v2\/property_label?post=6615143"},{"taxonomy":"property_country","embeddable":true,"href":"https:\/\/oceanhome.es\/de\/wp-json\/wp\/v2\/property_country?post=6615143"},{"taxonomy":"property_state","embeddable":true,"href":"https:\/\/oceanhome.es\/de\/wp-json\/wp\/v2\/property_state?post=6615143"},{"taxonomy":"property_city","embeddable":true,"href":"https:\/\/oceanhome.es\/de\/wp-json\/wp\/v2\/property_city?post=6615143"},{"taxonomy":"property_area","embeddable":true,"href":"https:\/\/oceanhome.es\/de\/wp-json\/wp\/v2\/property_area?post=6615143"}],"curies":[{"name":"wp","href":"https:\/\/api.w.org\/{rel}","templated":true}]}}

Wohnungen · Benalmádena · oh01005

<p>NEU GEBAUTE WOHNANLAGE MIT MEERBLICK IN BENALMADENA</p>
<p>Neue Wohnanlage mit Wohnungen und Penthäusern in Benalmadena.<br />Schöne Wohnungen mit 3 und 4 Schlafzimmern, offene voll ausgestattete Küche und Wohnbereich, große Terrassen mit Meerblick.</p>
<p>Die Küche wird voll möbliert geliefert, mit Edelstahlspüle, Induktionskochfeld, Dunstabzugshaube, Elektroofen, Waschmaschine, Kühlschrank und Geschirrspüler.</p>
<p>1 Parkplatz und 1 Abstellraum sind im Preis inbegriffen.</p>
<p>Gemeinsame Gartenanlagen und Schwimmbad. </p>
<p>Außergewöhnliche Lage, direkter Zugang zu den Straßen, die mit der Hauptstadt und ihrem Bahnhof, Flughafen und anderen Dienstleistungen verbinden.</p>
<p>Es werden Aufzüge mit automatischen Doppeltüren installiert, die den Zugang zu jeder Etage des Gebäudes, einschließlich des Kellers, ermöglichen.</p>
<p>Die Stadt Benalmádena erstreckt sich über eine Fläche von fast 30 Kilometern und reicht von der Sierra de Mijas bis hinunter zur Mittelmeerküste.</p>
<p>Zwischen den Städten Torremolinos und Fuengirola gelegen, ist Benalmádena nur 19 Kilometer vom Flughafen Málaga entfernt und durch die örtlichen Zug- und Busverbindungen mit allen wichtigen Badeorten der Küste verbunden.</p>
<p>Benalmádena ist mit seinen attraktiven Stränden, Gärten, Freizeitparks und einem herrlichen Jachthafen einer der beliebtesten Urlaubsorte an der Costa del Sol.</p>
<p>Die fast siebzigtausend Einwohner konzentrieren sich auf drei Hauptzentren: Benalmádena Pueblo, Arroyo de la Miel und Benalmádena Costa.</p>

<p>NEU GEBAUTE WOHNANLAGE MIT MEERBLICK IN BENALMADENA~~Neue Wohnanlage mit Wohnungen und Penthäusern in Benalmadena.~Schöne Wohnungen mit 3 und 4 Schlafzimmern, offene voll ausgestattete Küche und Wohnbereich, große Terrassen mit Meerblick.~~Die Küche wird voll möbliert geliefert, mit Edelstahlspüle, Induktionskochfeld, </p>

Benalmádena,Málaga

Benalmádena,Málaga,Spain

a:5:{i:0;a:2:{s:29:"fave_additional_feature_title";s:12:"Carpintería";s:29:"fave_additional_feature_value";s:0:"";}i:1;a:2:{s:29:"fave_additional_feature_title";s:21:"Carpintería exterior";s:29:"fave_additional_feature_value";s:0:"";}i:2;a:2:{s:29:"fave_additional_feature_title";s:6:"Estado";s:29:"fave_additional_feature_value";s:10:"Obra Nueva";}i:3;a:2:{s:29:"fave_additional_feature_title";s:6:"Vistas";s:29:"fave_additional_feature_value";s:0:"";}i:4;a:2:{s:29:"fave_additional_feature_title";s:11:"Orientacion";s:29:"fave_additional_feature_value";s:0:"";}}
