{"id":6548043,"date":"2026-04-26T08:10:01","date_gmt":"2026-04-26T08:10:01","guid":{"rendered":"https:\/\/new.oceanhome.es\/inmueble\/venta\/atico\/alicante\/torrevieja\/oh02262\/"},"modified":"2026-04-26T08:10:01","modified_gmt":"2026-04-26T08:10:01","slug":"kattohuoneistot-torrevieja-oh02262-fi","status":"publish","type":"property","link":"https:\/\/oceanhome.es\/fi\/property\/kattohuoneistot-torrevieja-oh02262-fi\/","title":{"rendered":"Kattohuoneistot \u00b7 Torrevieja \u00b7 oh02262"},"content":{"rendered":"<p>Tutustu t\u00e4h\u00e4n vieh\u00e4tt\u00e4v\u00e4\u00e4n ja valoisaan kattohuoneistoon Playa del Curassa, jonka hintaan sis\u00e4ltyy pys\u00e4k\u00f6intipaikka. 73 m\u00b2:n asuintilaa on k\u00e4tev\u00e4sti jaettu kahteen viihtyis\u00e4\u00e4n makuuhuoneeseen, tilavaan olohuoneeseen ja ruokailutilaan, jossa on runsaasti luonnonvaloa, sek\u00e4 t\u00e4ysin varusteltuun itsen\u00e4iseen keitti\u00f6\u00f6n. Asunnossa on my\u00f6s kylpyhuone ja lis\u00e4-WC lis\u00e4mukavuutta varten. Nauti kahdesta terassista, joista toinen on ihanteellinen auringonottoon! P\u00e4\u00e4terassi on kooltaan noin 15 m\u00b2, kun taas etel\u00e4\u00e4n p\u00e4in oleva toissijainen terassi tarjoaa 4 m\u00b2 lis\u00e4tilaa, joten se sopii t\u00e4ydellisesti rentoutumiseen ulkona.<\/p>\n<p>T\u00e4m\u00e4 upea kattohuoneisto tarjoaa my\u00f6s p\u00e4\u00e4syn omaan 26 m\u00b2:n aurinkoterassiin, jossa voit nauttia unohtumattomista hetkist\u00e4 perheen ja yst\u00e4vien kanssa. Rakennuksessa on my\u00f6s yhteinen uima-allas, joka sopii t\u00e4ydellisesti kuumille p\u00e4iville.<\/p>\n<p>Lis\u00e4bonuksena tarjoamme valinnaisen pys\u00e4k\u00f6intipaikan vain 6 210 eurolla ? ? et l\u00f6yd\u00e4 parempaa hintaa koko alueelta! Sijainti l\u00e4hell\u00e4 kaikkia palveluita, kuten baareja ?, ravintoloita ?, kahviloita ?, apteekkeja ? ja pankkeja ?. Vain viiden minuutin k\u00e4velymatkan p\u00e4\u00e4ss\u00e4 linja-autoasemalta ?. \u00c4l\u00e4 missaa t\u00e4t\u00e4 ainutlaatuista tilaisuutta: ota meihin yhteytt\u00e4 jo t\u00e4n\u00e4\u00e4n ? varataksesi maksuttoman vierailusi!<\/p>\n","protected":false},"excerpt":{"rendered":"<p>Tutustu t\u00e4h\u00e4n vieh\u00e4tt\u00e4v\u00e4\u00e4n ja valoisaan kattohuoneistoon Playa del Curassa, jonka hintaan sis\u00e4ltyy pys\u00e4k\u00f6intipaikka. 73 m\u00b2:n asuintilaa on k\u00e4tev\u00e4sti jaettu kahteen viihtyis\u00e4\u00e4n makuuhuoneeseen, tilavaan olohuoneeseen ja ruokailutilaan, jossa on runsaasti luonnonvaloa, sek\u00e4 t\u00e4ysin varusteltuun itsen\u00e4iseen keitti\u00f6\u00f6n. <\/p>\n","protected":false},"author":2,"featured_media":6548045,"parent":0,"menu_order":0,"template":"","property_type":[469],"property_status":[471],"property_feature":[482,213,473,480,229,472,478,516],"property_label":[],"property_country":[],"property_state":[220],"property_city":[221],"property_area":[370],"class_list":["post-6548043","property","type-property","status-publish","has-post-thumbnail","hentry","property_type-kattohuoneistot","property_status-myynti","property_feature-aurinkoterassi","property_feature-hissi","property_feature-ilmastointi","property_feature-kodinkoneet","property_feature-parking-fi","property_feature-terassi","property_feature-uima-allas","property_feature-ulkotilat","property_state-alicante","property_city-torrevieja","property_area-playa-del-cura"],"aioseo_notices":[],"property_meta":{"fave_agent":["176"],"fave_agents":["176"],"fave_agent_display_option":["agent_info"],"property_agent":["176"],"custom_permalink":["inmueble\/venta\/atico\/alicante\/torrevieja\/oh02262\/"],"_thumbnail_id":["6548045"],"post_id":["Array"],"original_author":["2"],"_edit_lock":["1604137107:1"],"_edit_last":["1"],"fave_property_map_street_view":["show"],"fave_payment_status":["not_paid"],"fave_single_top_area":["global"],"fave_single_content_area":["global"],"houzez_manual_expire":["0"],"fave_property_size_prefix":["m&sup2;"],"fave_property_map":["1"],"fave_additional_features_enable":["disable"],"fave_floor_plans_enable":["disable"],"fave_multiunit_plans_enable":["disable"],"fave_prop_homeslider":["yes"],"fave_featured":["1"],"fave_property_address":["Torrevieja,Alicante"],"fave_property_zip":["03182"],"houzez_geolocation_lat":["37.97984311"],"houzez_geolocation_long":["-0.671203214"],"fave_property_location":["37.97984311,-0.671203214"],"fave_property_country":["ES"],"fave_property_map_address":["Torrevieja,Alicante,Spain"],"fave_comunidadimporte":["55"],"fave_comunidadincluida":["0"],"fave_conservacion":["Buen estado"],"fave_orientacion":["Norte"],"fave_carpinteriainterior":["Pino"],"fave_carpinteriaexterior":["Aluminio"],"fave_tiposuelo":["Climalit"],"fave_vistas":[""],"additional_features":["a:5:{i:0;a:2:{s:29:\"fave_additional_feature_title\";s:12:\"Carpinter\u00eda\";s:29:\"fave_additional_feature_value\";s:4:\"Pino\";}i:1;a:2:{s:29:\"fave_additional_feature_title\";s:21:\"Carpinter\u00eda exterior\";s:29:\"fave_additional_feature_value\";s:8:\"Aluminio\";}i:2;a:2:{s:29:\"fave_additional_feature_title\";s:6:\"Estado\";s:29:\"fave_additional_feature_value\";s:11:\"Buen estado\";}i:3;a:2:{s:29:\"fave_additional_feature_title\";s:6:\"Vistas\";s:29:\"fave_additional_feature_value\";s:0:\"\";}i:4;a:2:{s:29:\"fave_additional_feature_title\";s:11:\"Orientacion\";s:29:\"fave_additional_feature_value\";s:5:\"Norte\";}}"],"referencia":["oh02262"],"fave_property_id":["oh02262"],"fave_property_bedrooms":["2"],"fave_property_bathrooms":["1"],"fave_property_garage":["9"],"fave_property_land":["0"],"ave_property_land_postfix":["m&sup2;"],"fave_property_size":["73"],"fave_property_year":["2002"],"fave_energy_global_index":["0 kWh\/m&sup2; \/1234.99 Kg CO2\/m&sup2;"],"fave_energy_class":["N"],"estate_attr_energy_class":["Tramitando..."],"REAL_HOMES_property_emisiones":["1234.99"],"REAL_HOMES_property_consumo":["0"],"REAL_HOMES_property_letra":["N"],"estate_video":[""],"fave_virtual_tour":[""],"vendidoInmueble":[""],"fave_property_price":["166300"],"fave_property_price_postfix":[""],"fave_property_images":["6548045","6548046","6548047","6548048","6548049","6548050","6548051","6548052","6548053","6548054","6548055","6548056","6548057","6548058","6548059","6548060","6548061","6548062","6548063","6548064","6548065","6548066","6548067","6548068","6548069","6548070","6548071","6548072","6548073","6548074","6548075","6548076","6548077","6548078"],"houzez_total_property_views":["7"],"houzez_views_by_date":["a:1:{s:10:\"04-27-2026\";i:7;}"],"houzez_recently_viewed":["2026-04-27 10:57:05"],"_elementor_page_assets":["a:0:{}"]},"_links":{"self":[{"href":"https:\/\/oceanhome.es\/fi\/wp-json\/wp\/v2\/properties\/6548043","targetHints":{"allow":["GET"]}}],"collection":[{"href":"https:\/\/oceanhome.es\/fi\/wp-json\/wp\/v2\/properties"}],"about":[{"href":"https:\/\/oceanhome.es\/fi\/wp-json\/wp\/v2\/types\/property"}],"author":[{"embeddable":true,"href":"https:\/\/oceanhome.es\/fi\/wp-json\/wp\/v2\/users\/2"}],"version-history":[{"count":0,"href":"https:\/\/oceanhome.es\/fi\/wp-json\/wp\/v2\/properties\/6548043\/revisions"}],"wp:featuredmedia":[{"embeddable":true,"href":"https:\/\/oceanhome.es\/fi\/wp-json\/wp\/v2\/media\/6548045"}],"wp:attachment":[{"href":"https:\/\/oceanhome.es\/fi\/wp-json\/wp\/v2\/media?parent=6548043"}],"wp:term":[{"taxonomy":"property_type","embeddable":true,"href":"https:\/\/oceanhome.es\/fi\/wp-json\/wp\/v2\/property_type?post=6548043"},{"taxonomy":"property_status","embeddable":true,"href":"https:\/\/oceanhome.es\/fi\/wp-json\/wp\/v2\/property_status?post=6548043"},{"taxonomy":"property_feature","embeddable":true,"href":"https:\/\/oceanhome.es\/fi\/wp-json\/wp\/v2\/property_feature?post=6548043"},{"taxonomy":"property_label","embeddable":true,"href":"https:\/\/oceanhome.es\/fi\/wp-json\/wp\/v2\/property_label?post=6548043"},{"taxonomy":"property_country","embeddable":true,"href":"https:\/\/oceanhome.es\/fi\/wp-json\/wp\/v2\/property_country?post=6548043"},{"taxonomy":"property_state","embeddable":true,"href":"https:\/\/oceanhome.es\/fi\/wp-json\/wp\/v2\/property_state?post=6548043"},{"taxonomy":"property_city","embeddable":true,"href":"https:\/\/oceanhome.es\/fi\/wp-json\/wp\/v2\/property_city?post=6548043"},{"taxonomy":"property_area","embeddable":true,"href":"https:\/\/oceanhome.es\/fi\/wp-json\/wp\/v2\/property_area?post=6548043"}],"curies":[{"name":"wp","href":"https:\/\/api.w.org\/{rel}","templated":true}]}}

<p>Tutustu tähän viehättävään ja valoisaan kattohuoneistoon Playa del Curassa, jonka hintaan sisältyy pysäköintipaikka. 73 m²:n asuintilaa on kätevästi jaettu kahteen viihtyisään makuuhuoneeseen, tilavaan olohuoneeseen ja ruokailutilaan, jossa on runsaasti luonnonvaloa, sekä täysin varusteltuun itsenäiseen keittiöön. Asunnossa on myös kylpyhuone ja lisä-WC lisämukavuutta varten. Nauti kahdesta terassista, joista toinen on ihanteellinen auringonottoon! Pääterassi on kooltaan noin 15 m², kun taas etelään päin oleva toissijainen terassi tarjoaa 4 m² lisätilaa, joten se sopii täydellisesti rentoutumiseen ulkona.</p>
<p>Tämä upea kattohuoneisto tarjoaa myös pääsyn omaan 26 m²:n aurinkoterassiin, jossa voit nauttia unohtumattomista hetkistä perheen ja ystävien kanssa. Rakennuksessa on myös yhteinen uima-allas, joka sopii täydellisesti kuumille päiville.</p>
<p>Lisäbonuksena tarjoamme valinnaisen pysäköintipaikan vain 6 210 eurolla ? ? et löydä parempaa hintaa koko alueelta! Sijainti lähellä kaikkia palveluita, kuten baareja ?, ravintoloita ?, kahviloita ?, apteekkeja ? ja pankkeja ?. Vain viiden minuutin kävelymatkan päässä linja-autoasemalta ?. Älä missaa tätä ainutlaatuista tilaisuutta: ota meihin yhteyttä jo tänään ? varataksesi maksuttoman vierailusi!</p>

<p>Tutustu tähän viehättävään ja valoisaan kattohuoneistoon Playa del Curassa, jonka hintaan sisältyy pysäköintipaikka. 73 m²:n asuintilaa on kätevästi jaettu kahteen viihtyisään makuuhuoneeseen, tilavaan olohuoneeseen ja ruokailutilaan, jossa on runsaasti luonnonvaloa, sekä täysin varusteltuun itsenäiseen keittiöön. </p>

a:5:{i:0;a:2:{s:29:"fave_additional_feature_title";s:12:"Carpintería";s:29:"fave_additional_feature_value";s:4:"Pino";}i:1;a:2:{s:29:"fave_additional_feature_title";s:21:"Carpintería exterior";s:29:"fave_additional_feature_value";s:8:"Aluminio";}i:2;a:2:{s:29:"fave_additional_feature_title";s:6:"Estado";s:29:"fave_additional_feature_value";s:11:"Buen estado";}i:3;a:2:{s:29:"fave_additional_feature_title";s:6:"Vistas";s:29:"fave_additional_feature_value";s:0:"";}i:4;a:2:{s:29:"fave_additional_feature_title";s:11:"Orientacion";s:29:"fave_additional_feature_value";s:5:"Norte";}}
